 9, what is -76 - -310?
223
In base 8, what is -34 + -107072?
-107126
In base 5, what is -23423144 + -3?
-23423202
In base 5, what is -104 + 441?
332
In base 5, what is 20 - 10200344?
-10200324
In base 15, what is 0 + 7a8a?
7a8a
In base 4, what is -11233 + 10221?
-1012
In base 16, what is 191 + aec?
c7d
In base 14, what is 3 + -177c3?
-177c0
In base 13, what is -404 + -12?
-416
In base 4, what is -23223231 - 1?
-23223232
In base 10, what is 11 - 118989?
-118978
In base 13, what is 5b6 + 251?
837
In base 4, what is -130003 - 1?
-130010
In base 16, what is 3 - 21c4?
-21c1
In base 14, what is 1 - 191961?
-191960
In base 10, what is 87 + -6889?
-6802
In base 11, what is 151937 + 6?
151942
In base 2, what is 1000001110001111110 - -11?
1000001110010000001
In base 2, what is -10001101011 + -10100101000?
-100110010011
In base 6, what is -10 + 4450552?
4450542
In base 8, what is -67375 - 3?
-67400
In base 15, what is -18d5d - -4?
-18d59
In base 7, what is -205406 - 0?
-205406
In base 7, what is -150360341 - 3?
-150360344
In base 16, what is 2 - -4383?
4385
In base 15, what is a - -581?
58b
In base 10, what is -251390 - 12?
-251402
In base 13, what is -1 - 163788?
-163789
In base 8, what is 3244 - -17?
3263
In base 4, what is 11 - -2331111?
2331122
In base 7, what is -4003301 - -11?
-4003260
In base 9, what is -1 - 138886?
-138887
In base 8, what is -5 - -1663436?
1663431
In base 9, what is -4 + 1654?
1650
In base 5, what is 24 + 12322?
12401
In base 15, what is 6d - 28?
45
In base 16, what is -32 - 263?
-295
In base 6, what is -51014 - -220?
-50354
In base 13, what is 1759 + 23?
177c
In base 12, what is -5 + 20a94?
20a8b
In base 6, what is -554022 - -14?
-554004
In base 2, what is 111 - 10111110110?
-10111101111
In base 4, what is -32222123 - -1310?
-32220213
In base 9, what is -745 + 364?
-371
In base 7, what is 1256326 + -1?
1256325
In base 7, what is 34 + 2566?
2633
In base 15, what is -70 - 67e?
-6ee
In base 16, what is 7672b - -5?
76730
In base 3, what is -102 - -10220021?
10212212
In base 8, what is 4417 + 17?
4436
In base 10, what is -89612 + 4?
-89608
In base 15, what is -ee4 + -17e?
-1173
In base 7, what is -3 + 2060002?
2056666
In base 10, what is 14 + 28635?
28649
In base 2, what is -100001100 + 1011100001?
111010101
In base 9, what is 1 + -12447?
-12446
In base 5, what is -130 - -3214?
3034
In base 5, what is 114 + -1120441?
-1120322
In base 10, what is -460 + 2843?
2383
In base 10, what is -45344 - 0?
-45344
In base 14, what is 35bd3 - 6?
35bcb
In base 14, what is -134 - -1?
-133
In base 4, what is 10 - -330101012?
330101022
In base 6, what is -22124 - -130?
-21554
In base 11, what is 0 + 3214?
3214
In base 6, what is -135 - 342544?
-343123
In base 13, what is 117a - 45?
1135
In base 6, what is -40323353 - 3?
-40323400
In base 6, what is -3 + -34454343?
-34454350
In base 6, what is -13151553 + 3?
-13151550
In base 8, what is 123617 - -1?
123620
In base 7, what is 560140 + -25?
560112
In base 6, what is -3 - -10221021?
10221014
In base 13, what is -56701 + -2?
-56703
In base 16, what is 1 + -39fc4?
-39fc3
In base 6, what is -324443 - 1?
-324444
In base 5, what is -11301 + 210?
-11041
In base 7, what is 5 + -255056?
-255051
In base 2, what is 11 + 1000010111010000001?
1000010111010000100
In base 9, what is 110825 - 50?
110765
In base 5, what is 12 - -1230244?
1230311
In base 7, what is 10300 - -513?
11113
In base 9, what is -7576 + 171?
-7405
In base 3, what is 2200200001121 - 0?
2200200001121
In base 10, what is 10789 - 15?
10774
In base 16, what is -20bd + 22?
-209b
In base 5, what is 3 - -11213414?
11213422
In base 11, what is -1267a - -9a?
-12590
In base 15, what is 187d + -3a?
1843
In base 3, what is 111111012122 + 1?
111111012200
In base 11, what is -27870 + 2?
-27869
In base 7, what is -112345 - -46?
-112266
In base 6, what is 11253 + -11?
11242
In base 16, what is -1cf6f - 3?
-1cf72
In base 6, what is 0 + 2413052?
2413052
In base 13, what is 3 + -a78?
-a75
In base 12, what is 62a + 113?
741
In base 8, what is -1 + 76321?
76320
In base 7, what is -31353 + 0?
-31353
In base 16, what is -2 - 1d29a?
-1d29c
In base 12, what is 1440 - -48?
1488
In base 6, what is -4 - -21333?
21325
In base 6, what is 1201 - 1551?
-350
In base 11, what is -20 - 718?
-738
In base 5, what is 10301422 + -3?
10301414
In base 6, what is 1520144 - 1?
1520143
In base 15, what is -5 - 6418?
-641d
In base 5, what is -43303103 + 14?
-43303034
In base 12, what is -2 - 9131?
-9133
In base 7, what is 1106 - 2334?
-1225
In base 3, what is 11012011 - 1220012?
2021222
In base 16, what is -6 - -3edc7?
3edc1
In base 6, what is -2 + 151415?
151413
In base 11, what is 2 + -11372?
-11370
In base 3, what is 11022202 + -2112?
11020020
In base 13, what is 5 - 4b5c?
-4b57
In base 11, what is -13 + -127577?
-12758a
In base 4, what is -2 - -3331322?
3331320
In base 15, what is -106 + -53?
-159
In base 9, what is 173 - -6?
180
In base 4, what is 331012013 + 11?
331012030
In base 13, what is -2182 - 30?
-21b2
In base 13, what is -76 - c91?
-1037
In base 11, what is -4 - 7483?
-7487
In base 5, what is 110140 - 111?
110024
In base 5, what is -10434 + 32?
-10402
In base 15, what is 5 - -b253b?
b2541
In base 4, what is 12223 - -1032?
13321
In base 10, what is -24 - 441?
-465
In base 9, what is 7 + -386?
-378
In base 13, what is -6427cb + -1?
-6427cc
In base 16, what is 679 - -122?
79b
In base 7, what is -5452352 + 5?
-5452344
In base 4, what is -2110032 + 1021?
-2103011
In base 3, what is -2 + -22112021?
-22112100
In base 11, what is 1 - 586a9?
-586a8
In base 6, what is 2432 - -232?
3104
In base 9, what is -57 + -2388?
-2456
In base 15, what is 2276 + 5?
227b
In base 6, what is 333 + -15154?
-14421
In base 2, what is 10 + 1000001100111?
1000001101001
In base 3, what is -22012212222020 - 12?
-22012212222102
In base 8, what is 1021004 - 2?
1021002
In base 11, what is 3 + 4182?
4185
In base 2, what is -1011 - 10011110010?
-10011111101
In base 9, what is 80 - 10327?
-10237
In base 8, what is 1 + 12063?
12064
In base 7, what is -22046 + 2?
-22044
In base 7, what is -53 + -51641?
-52024
In base 5, what is -4 - 1414303?
-1414312
In base 8, what is -13366 + 1763?
-11403
In base 13, what is 101c + -8?
1014
In base 9, what is -880825 - 0?
-880825
In base 11, what is 4 + 1a91a?
1a923
In base 12, what is -214 - 11b?
-333
In base 6, what is 32205 - -42?
32251
In base 12, what is 5158 - 3?
5155
In base 16, what is 4cda - 38?
4ca2
In base 4, what is -23203 + 10312?
-12231
In base 4, what is 223020 - -12200?
301220
In base 11, what is -219969 - -13?
-219956
In base 7, what is 2316335 - -3?
2316341
In base 15, what is -9 - -14d6?
14cc
In base 14, what is -4 + 1c34d?
1c349
In base 7, what is 25444 + 2?
25446
In base 13, what is -991 - -366?
-628
In base 6, what is 3 + -353?
-350
In base 5, what is -22 + -101121?
-101143
In base 16, what is -c894e + 3?
-c894b
In base 2, what is -101100010101 + -1000010000?
-110100100101
In base 10, what is -170 - 66?
-236
In base 8, what is 26423 - 4?
26417
In base 7, what is 313205 + -3?
313202
In base 7, what is -464 + 142?
-322
In base 11, what is -3 + 5701?
56a9
In base 5, what is 0 + 1120101?
1120101
In base 10, what is -34930 - 2?
-34932
In base 10, what is -4 - 10251?
-10255
In base 8, what is 1026 + -277?
527
In base 16, what is 19a63 - 5?
19a5e
In base 6, what is 3 + -454221?
-454214
In base 15, what is -3 + -358eb?
-358ee
In base 10, what is -1220905 + -1?
-1220906
In base 12, what is 3412 + 25?
3437
In base 7, what is 14443 - -2361?
20134
In base 15, what is d43 + 5e?
da2
In base 14, what is -8640 + 3?
-863b
In base 4, what is 20032122 + -10?
20032112
In base 11, what is -4 - 148a45?
-148a49
In base 12, what is 13a + -b0b4?
-ab76
In base 2, what is -1010011111110 - -1111?
-1010011101111
In base 10, what is -24 - -5951?
5927
In base 12, what is 151b - 5?
1516
In base 15, what is 8b6d10 + -5?
8b6d0a
In base 13, what is cb852 - 4?
cb84b
In base 14, what is -684788 + 0?
-684788
In base 14, what is 5 - 1c919?
-1c914
In base 2, what is 101010 + -100010111101?
-100010010011
In base 6, what is 510 + -2513?
-2003
In base 10, what is 12981 + 80?
13061
In base 3, what is 10 - -1000221020021?
1000221020101
In base 6, what is 33 + 2545455?
2545532
In base 3, what is -1210